{"id":26,"date":"2023-12-18T01:39:57","date_gmt":"2023-12-18T01:39:57","guid":{"rendered":"https:\/\/webenergetika.com\/patitasegura\/home\/"},"modified":"2025-04-29T20:22:34","modified_gmt":"2025-04-29T20:22:34","slug":"home","status":"publish","type":"page","link":"https:\/\/webenergetika.com\/patitasegura\/","title":{"rendered":"Home"},"content":{"rendered":"\n\n\n<h4>PATITA SEGURA&nbsp;<br><span style=\"color: #FEB209\">PLACA INTELIGENTE qr<\/span><\/h4>\n<p>\u00bfQu\u00e9 esPatita Segura?<\/p><p style=\"text-align: justify;\">Patita Segura es un servicio de Energetika que le ofrece PLACAS INTELIGENTES con c\u00f3digo QR para su mascota, si su mascota se pierde, la persona que lo encuentra puede escanear este c\u00f3digo del collar y obtener informaci\u00f3n r\u00e1pida sobre el peludito y los datos necesarios para que retorne a su hogar.<\/p><p><br><\/p><p>Puede agregar toda la informaci\u00f3n que desee:<\/p><p>&#8211; Foto de la mascota<\/p><p>&#8211; Nombre de la mascota<\/p><p>&#8211; Sexo o caracter\u00edsticas principales<\/p><p>&#8211; Informaci\u00f3n sobre la salud o tratamientos especiales<\/p><p>&#8211; Foto del propietario<\/p><p>&#8211; Informaci\u00f3n del propietario<\/p><p>&#8211; Contacto telef\u00f3nico<\/p><p>&#8211; Contacto Whatsapp<\/p><p>&#8211; Ubicaci\u00f3n del domicilio del propietario<\/p>\n\n\n\n\n\n\n\n\n\n\n\n\n\n\n\n\n\n\n\n\n\n\n\n\n\n\n\n\n\n\n\n\n\n\n\n\n\n\n\n\n\n\n\n\n\n<h4><font color=\"#feb209\">Nuestro servicio es Din\u00e1mico con datos completamente actualizables<\/font><\/h4>\n<p style=\"text-align: justify;\">Nuestra placa inteligente posee informaci\u00f3n que puede ser modificada cuando el cliente lo desee, por ejemplo cuando cambia de n\u00famero de tel\u00e9fono, direcci\u00f3n o nombre del propietario, esta informaci\u00f3n es actualizada en nuestro sistema y NO necesita una nueva placa para su peludito, de la misma forma puede cambiar cualquier informaci\u00f3n de su mascota como por ejemplo fotograf\u00eda, caracter\u00edsticas y detalles de salud entre otras.<br><\/p>\n<h4><font color=\"#feb209\">Nuestras placas inteligentes son resistentes<\/font><br><\/h4>\n<p style=\"text-align: justify;\">Nuestras placas inteligentes poseen una codificaci\u00f3n especial en su c\u00f3digo QR para que pueda ser escaneada hasta con un 20% de da\u00f1o, la informaci\u00f3n que se brinda con nuestro servicio esta protegida por un certificado SSL de encriptaci\u00f3n de datos para mayor seguridad de nuestros clientes.<br><\/p>\n\n\n\n\n\n\n\n\n\n<h4>COMO REALIZAR LA COMPRA DE TU&nbsp;<span style=\"color: #FEB209\">&nbsp;PLACA INTELIGENTE<\/span><\/h4>\n<p>1. Llenar el formulario de solicitud de tu placa inteligente indicando la informaci\u00f3n que deseas que aparezca en tu placa.<\/p>\n<p>2. Por estas fiestas de fin de a\u00f1o aproveche el precio promocional a tan solo Bs. 55 al QR o cont\u00e1ctate al whatsapp 70646869 para m\u00e1s informaci\u00f3n<\/p>\n\n\n\n\n\n\n\n\n\n\n\n\n<p>3. Con la informaci\u00f3n del formulario en menos de 24 Horas le enviaremos su Placa Inteligente QR a su domicilio&nbsp; (Consultar costo de env\u00edo y promociones)<br><\/p>\n<p>4. Durante el tiempo que este activa su placa puede solicitar actualizaci\u00f3n de informaci\u00f3n las veces que sea necesario sin costo alguno.<br><\/p>\n<p>5. Las Placas Inteligentes QR de cortes\u00eda o patrocinadas deben enviar el c\u00f3digo escaneado en el formulario.<br><\/p>\n\n\n\n\n\n\n\n\n\n<h4>Solicita aqui<span style=\"color: #FEB209\">&nbsp;tu patita segura<\/span><\/h4>\n<div class=\"forminator-ui forminator-custom-form forminator-custom-form-45 forminator-design--flat  forminator_ajax\" data-forminator-render=\"0\" data-form=\"forminator-module-45\" data-uid=\"69f332fe42c10\"><br\/><\/div><form\n\t\t\t\tid=\"forminator-module-45\"\n\t\t\t\tclass=\"forminator-ui forminator-custom-form forminator-custom-form-45 forminator-design--flat  forminator_ajax\"\n\t\t\t\tmethod=\"post\"\n\t\t\t\tdata-forminator-render=\"0\"\n\t\t\t\tdata-form-id=\"45\"\n\t\t\t\t\n\t\t\t\tdata-design=\"flat\"\n\t\t\t\t\n\t\t\t\t\n\t\t\t\t\n\t\t\t\tdata-grid=\"open\"\n\t\t\t\tenctype=\"multipart\/form-data\"\n\t\t\t\t\n\t\t\t\tstyle=\"display: none;\"\n\t\t\t\t\n\t\t\t\tdata-uid=\"69f332fe42c10\"\n\t\t\t><div role=\"alert\" aria-live=\"polite\" class=\"forminator-response-message forminator-error\" aria-hidden=\"true\"><\/div><div class=\"forminator-row\"><div id=\"name-1\" class=\"forminator-field-name forminator-col forminator-col-6 \"><div class=\"forminator-field\"><label for=\"forminator-field-name-1_69f332fe42c10\" class=\"forminator-label\" id=\"forminator-field-name-1_69f332fe42c10-label\">Nombre Mascota <span class=\"forminator-required\">*<\/span><\/label><input type=\"text\" name=\"name-1\" value=\"\" placeholder=\"Ejemplo: Bombom\" id=\"forminator-field-name-1_69f332fe42c10\" class=\"forminator-input forminator-name--field\" aria-required=\"true\" \/><\/div><\/div><div id=\"text-1\" class=\"forminator-field-text forminator-col forminator-col-6 \"><div class=\"forminator-field\"><label for=\"forminator-field-text-1_69f332fe42c10\" class=\"forminator-label\" id=\"forminator-field-text-1_69f332fe42c10-label\">Detalle General<\/label><input type=\"text\" name=\"text-1\" value=\"\" placeholder=\"Ejemplo: Cari\u00f1oso y amigable\" id=\"forminator-field-text-1_69f332fe42c10\" class=\"forminator-input forminator-name--field\" data-required=\"\" \/><\/div><\/div><\/div><div class=\"forminator-row\"><div id=\"upload-2\" class=\"forminator-field-upload forminator-col forminator-col-12 \"><div class=\"forminator-field\"><label for=\"forminator-field-upload-2_69f332fe42c10\" class=\"forminator-label\">Foto mascota<\/label><div class=\"forminator-file-upload \" data-element=\"upload-2_69f332fe42c10\" aria-describedby=\"forminator-field-upload-2_69f332fe42c10-description\"><input type=\"file\" name=\"upload-2\" id=\"forminator-field-upload-2_69f332fe42c10\" class=\"forminator-input-file\" accept=\".jpg,.jpeg,.jpe,.gif,.png,.bmp,.tiff,.tif,.webp,.ico,.heic,.asf,.asx,.wmv,.wmx,.wm,.avi,.divx,.flv,.mov,.qt,.mpeg,.mpg,.mpe,.mp4,.m4v,.ogv,.webm,.mkv,.3gp,.3gpp,.3g2,.3gp2,.txt,.asc,.c,.cc,.h,.srt,.csv,.tsv,.ics,.rtx,.css,.htm,.html,.vtt,.dfxp,.mp3,.m4a,.m4b,.aac,.ra,.ram,.wav,.ogg,.oga,.flac,.mid,.midi,.wma,.wax,.mka,.rtf,.js,.pdf,.class,.tar,.zip,.gz,.gzip,.rar,.7z,.psd,.xcf,.doc,.pot,.pps,.ppt,.wri,.xla,.xls,.xlt,.xlw,.mdb,.mpp,.docx,.docm,.dotx,.dotm,.xlsx,.xlsm,.xlsb,.xltx,.xltm,.xlam,.pptx,.pptm,.ppsx,.ppsm,.potx,.potm,.ppam,.sldx,.sldm,.onetoc,.onetoc2,.onetmp,.onepkg,.oxps,.xps,.odt,.odp,.ods,.odg,.odc,.odb,.odf,.wp,.wpd,.key,.numbers,.pages\"><button id=\"forminator-field-upload-2_69f332fe42c10_button\" class=\"forminator-button forminator-button-upload\" data-id=\"forminator-field-upload-2_69f332fe42c10\">Elegir archivo<\/button><span data-empty-text=\"Ning\u00fan archivo seleccionado\">Ning\u00fan archivo seleccionado<\/span><button class=\"forminator-button-delete\" style=\"display: none;\"><i class=\"forminator-icon-close\" aria-hidden=\"true\"><\/i><span class=\"forminator-screen-reader-only\">Eliminar el archivo subido<\/span><\/button><\/div><\/div><\/div><\/div><div class=\"forminator-row\"><div id=\"textarea-1\" class=\"forminator-field-textarea forminator-col forminator-col-12 \"><div class=\"forminator-field\"><label for=\"forminator-field-textarea-1_69f332fe42c10\" id=\"forminator-field-textarea-1_69f332fe42c10-label\" class=\"forminator-label\">Informaci\u00f3n<\/label><textarea name=\"textarea-1\" placeholder=\"Informaci\u00f3n breve de la mascota\" id=\"forminator-field-textarea-1_69f332fe42c10\" class=\"forminator-textarea\" rows=\"6\" style=\"min-height:80px;\" maxlength=\"200\" ><\/textarea><span id=\"forminator-field-textarea-1_69f332fe42c10-description\" class=\"forminator-description\"><span data-limit=\"200\" data-type=\"characters\">0 \/ 200<\/span><\/span><\/div><\/div><\/div><div class=\"forminator-row\"><div id=\"email-1\" class=\"forminator-field-email forminator-col forminator-col-12 \"><div class=\"forminator-field\"><label for=\"forminator-field-email-1_69f332fe42c10\" class=\"forminator-label\" id=\"forminator-field-email-1_69f332fe42c10-label\">Correo electr\u00f3nico<\/label><input type=\"email\" name=\"email-1\" value=\"\" placeholder=\"Ej . : john@doe.com\" id=\"forminator-field-email-1_69f332fe42c10\" class=\"forminator-input forminator-email--field\" data-required=\"\" aria-required=\"false\" \/><\/div><\/div><\/div><div class=\"forminator-row\"><div id=\"upload-1\" class=\"forminator-field-upload forminator-col forminator-col-12 \"><div class=\"forminator-field\"><label for=\"forminator-field-upload-1_69f332fe42c10\" class=\"forminator-label\">Foto Propietario<\/label><div class=\"forminator-file-upload \" data-element=\"upload-1_69f332fe42c10\" aria-describedby=\"forminator-field-upload-1_69f332fe42c10-description\"><input type=\"file\" name=\"upload-1\" id=\"forminator-field-upload-1_69f332fe42c10\" class=\"forminator-input-file\" accept=\".jpg,.jpeg,.jpe,.gif,.png,.bmp,.tiff,.tif,.webp,.ico,.heic,.asf,.asx,.wmv,.wmx,.wm,.avi,.divx,.flv,.mov,.qt,.mpeg,.mpg,.mpe,.mp4,.m4v,.ogv,.webm,.mkv,.3gp,.3gpp,.3g2,.3gp2,.txt,.asc,.c,.cc,.h,.srt,.csv,.tsv,.ics,.rtx,.css,.htm,.html,.vtt,.dfxp,.mp3,.m4a,.m4b,.aac,.ra,.ram,.wav,.ogg,.oga,.flac,.mid,.midi,.wma,.wax,.mka,.rtf,.js,.pdf,.class,.tar,.zip,.gz,.gzip,.rar,.7z,.psd,.xcf,.doc,.pot,.pps,.ppt,.wri,.xla,.xls,.xlt,.xlw,.mdb,.mpp,.docx,.docm,.dotx,.dotm,.xlsx,.xlsm,.xlsb,.xltx,.xltm,.xlam,.pptx,.pptm,.ppsx,.ppsm,.potx,.potm,.ppam,.sldx,.sldm,.onetoc,.onetoc2,.onetmp,.onepkg,.oxps,.xps,.odt,.odp,.ods,.odg,.odc,.odb,.odf,.wp,.wpd,.key,.numbers,.pages\"><button id=\"forminator-field-upload-1_69f332fe42c10_button\" class=\"forminator-button forminator-button-upload\" data-id=\"forminator-field-upload-1_69f332fe42c10\">Elegir archivo<\/button><span data-empty-text=\"Ning\u00fan archivo seleccionado\">Ning\u00fan archivo seleccionado<\/span><button class=\"forminator-button-delete\" style=\"display: none;\"><i class=\"forminator-icon-close\" aria-hidden=\"true\"><\/i><span class=\"forminator-screen-reader-only\">Eliminar el archivo subido<\/span><\/button><\/div><\/div><\/div><\/div><div class=\"forminator-row\"><div id=\"name-2\" class=\"forminator-field-name forminator-col forminator-col-6 \"><div class=\"forminator-field\"><label for=\"forminator-field-name-2_69f332fe42c10\" class=\"forminator-label\" id=\"forminator-field-name-2_69f332fe42c10-label\">Nombre propietario<\/label><input type=\"text\" name=\"name-2\" value=\"\" placeholder=\"Ejemplo: Juan P\u00e9rez\" id=\"forminator-field-name-2_69f332fe42c10\" class=\"forminator-input forminator-name--field\" aria-required=\"false\" \/><\/div><\/div><div id=\"phone-1\" class=\"forminator-field-phone forminator-col forminator-col-6 \"><div class=\"forminator-field\"><label for=\"forminator-field-phone-1_69f332fe42c10\" class=\"forminator-label\" id=\"forminator-field-phone-1_69f332fe42c10-label\">N\u00famero de tel\u00e9fono<\/label><input type=\"text\" name=\"phone-1\" value=\"\" placeholder=\"Ejemplo: 70000000\" id=\"forminator-field-phone-1_69f332fe42c10\" class=\"forminator-input forminator-field--phone\" data-required=\"\" aria-required=\"false\" autocomplete=\"off\" \/><\/div><\/div><\/div><div class=\"forminator-row\"><div id=\"address-1\" class=\"forminator-field-address forminator-col forminator-col-12 \"><div class=\"forminator-row\"><div id=\"address-1-street_address\" class=\"forminator-col\"><div class=\"forminator-field\"><label for=\"forminator-field-address-1-street_address_69f332fe42c10\" class=\"forminator-label\" id=\"forminator-field-address-1-street_address_69f332fe42c10-label\">Direcci\u00f3n<\/label><input type=\"text\" name=\"address-1-street_address\" placeholder=\"Ejemplo: Calle 10 de Obrajes No 000\" id=\"forminator-field-address-1-street_address_69f332fe42c10\" class=\"forminator-input\" data-required=\"\" aria-required=\"false\" value=\"\" \/><\/div><\/div><\/div><\/div><\/div><div class=\"forminator-row\"><div id=\"select-2\" class=\"forminator-field-select forminator-col forminator-col-6 \"><div class=\"forminator-field\"><label for=\"forminator-form-45__field--select-2_69f332fe42c10\" id=\"forminator-form-45__field--select-2_69f332fe42c10-label\" class=\"forminator-label\">Ciudad<\/label><select id=\"forminator-form-45__field--select-2_69f332fe42c10\" class=\"forminator-select--field forminator-select2\" data-required=\"\" name=\"select-2\" data-default-value=\"\" data-hidden-behavior=\"zero\" data-placeholder=\"\" data-search=\"false\" aria-labelledby=\"forminator-form-45__field--select-2_69f332fe42c10-label\" aria-describedby=\"forminator-form-45__field--select-2_69f332fe42c10-description\"><option value=\"one\"  data-calculation=\"0\">La Paz<\/option><option value=\"two\"  data-calculation=\"0\">Cochabamba<\/option><option value=\"Santa-Cruz\"  data-calculation=\"0\">Santa Cruz<\/option><\/select><\/div><\/div><div id=\"select-1\" class=\"forminator-field-select forminator-col forminator-col-6 \"><div class=\"forminator-field\"><label for=\"forminator-form-45__field--select-1_69f332fe42c10\" id=\"forminator-form-45__field--select-1_69f332fe42c10-label\" class=\"forminator-label\">Sexo<\/label><select id=\"forminator-form-45__field--select-1_69f332fe42c10\" class=\"forminator-select--field forminator-select2\" data-required=\"\" name=\"select-1\" data-default-value=\"\" data-hidden-behavior=\"zero\" data-placeholder=\"\" data-search=\"false\" aria-labelledby=\"forminator-form-45__field--select-1_69f332fe42c10-label\" aria-describedby=\"forminator-form-45__field--select-1_69f332fe42c10-description\"><option value=\"one\"  data-calculation=\"0\">Macho<\/option><option value=\"two\"  data-calculation=\"0\">Hembra<\/option><\/select><\/div><\/div><\/div><div class=\"forminator-row\"><div id=\"captcha-1\" class=\"forminator-field-captcha forminator-col forminator-col-6 \"><div class=\"forminator-g-recaptcha recaptcha-invisible\" data-theme=\"light\" data-badge=\"inline\" data-sitekey=\"6Ldu0jQpAAAAAN1OpBuIFfe-uYwq1M6DcxuIoYxC\" data-size=\"invisible\"><\/div> <\/div><div id=\"text-2\" class=\"forminator-field-text forminator-col forminator-col-6 \"><div class=\"forminator-field\"><label for=\"forminator-field-text-2_69f332fe42c10\" class=\"forminator-label\" id=\"forminator-field-text-2_69f332fe42c10-label\">C\u00f3digo Patrocinado (Si corresponde)<\/label><input type=\"text\" name=\"text-2\" value=\"\" placeholder=\"PLCXXXXXXXXX\" id=\"forminator-field-text-2_69f332fe42c10\" class=\"forminator-input forminator-name--field\" data-required=\"\" \/><\/div><\/div><\/div><div class=\"forminator-row\"><div id=\"upload-3\" class=\"forminator-field-upload forminator-col forminator-col-12 \"><div class=\"forminator-field\"><label for=\"forminator-field-upload-3_69f332fe42c10\" class=\"forminator-label\">Subir comprobante de Pago (Opcional)<\/label><div class=\"forminator-file-upload \" data-element=\"upload-3_69f332fe42c10\" aria-describedby=\"forminator-field-upload-3_69f332fe42c10-description\"><input type=\"file\" name=\"upload-3\" id=\"forminator-field-upload-3_69f332fe42c10\" class=\"forminator-input-file\" accept=\".jpg,.jpeg,.jpe,.gif,.png,.bmp,.tiff,.tif,.webp,.ico,.heic,.asf,.asx,.wmv,.wmx,.wm,.avi,.divx,.flv,.mov,.qt,.mpeg,.mpg,.mpe,.mp4,.m4v,.ogv,.webm,.mkv,.3gp,.3gpp,.3g2,.3gp2,.txt,.asc,.c,.cc,.h,.srt,.csv,.tsv,.ics,.rtx,.css,.htm,.html,.vtt,.dfxp,.mp3,.m4a,.m4b,.aac,.ra,.ram,.wav,.ogg,.oga,.flac,.mid,.midi,.wma,.wax,.mka,.rtf,.js,.pdf,.class,.tar,.zip,.gz,.gzip,.rar,.7z,.psd,.xcf,.doc,.pot,.pps,.ppt,.wri,.xla,.xls,.xlt,.xlw,.mdb,.mpp,.docx,.docm,.dotx,.dotm,.xlsx,.xlsm,.xlsb,.xltx,.xltm,.xlam,.pptx,.pptm,.ppsx,.ppsm,.potx,.potm,.ppam,.sldx,.sldm,.onetoc,.onetoc2,.onetmp,.onepkg,.oxps,.xps,.odt,.odp,.ods,.odg,.odc,.odb,.odf,.wp,.wpd,.key,.numbers,.pages\"><button id=\"forminator-field-upload-3_69f332fe42c10_button\" class=\"forminator-button forminator-button-upload\" data-id=\"forminator-field-upload-3_69f332fe42c10\">Elegir archivo<\/button><span data-empty-text=\"Ning\u00fan archivo seleccionado\">Ning\u00fan archivo seleccionado<\/span><button class=\"forminator-button-delete\" style=\"display: none;\"><i class=\"forminator-icon-close\" aria-hidden=\"true\"><\/i><span class=\"forminator-screen-reader-only\">Eliminar el archivo subido<\/span><\/button><\/div><\/div><\/div><\/div><input type=\"hidden\" name=\"referer_url\" value=\"\" \/><div class=\"forminator-row forminator-row-last\"><div class=\"forminator-col\"><div class=\"forminator-field\"><button class=\"forminator-button forminator-button-submit\">Enviar mensaje<\/button><\/div><\/div><\/div><input type=\"hidden\" id=\"forminator_nonce\" name=\"forminator_nonce\" value=\"9768603c0a\" \/><input type=\"hidden\" name=\"_wp_http_referer\" value=\"\/patitasegura\/wp-json\/wp\/v2\/pages\/26\" \/><input type=\"hidden\" name=\"form_id\" value=\"45\"><input type=\"hidden\" name=\"page_id\" value=\"26\"><input type=\"hidden\" name=\"form_type\" value=\"default\"><input type=\"hidden\" name=\"current_url\" value=\"https:\/\/webenergetika.com\/patitasegura\/\"><input type=\"hidden\" name=\"render_id\" value=\"0\"><input type=\"hidden\" name=\"action\" value=\"forminator_submit_form_custom-forms\"><\/form>\n\n\n\n\n\n\n\n\n\n\n\n\n<h4>BENEFICIOS <br>placas <span style=\"color: #FEB209\">inteligentes <\/span>qr<\/h4>\n<p>&#8211; La Placa Inteligente muestra informaci\u00f3n que usted vea necesaria<br><\/p><p>&#8211; Puede actualizar los datos en cualquier momento<br>&#8211; Varias alternativas de contacto con el propietario<\/p><p>&#8211; C\u00f3digo QR resistente al da\u00f1o hasta un 20%<\/p><p>&#8211; Material liviano y resistente<br>&#8211; Soporte T\u00e9cnico especializado<\/p>\n\n\n\n\n\n\n\n\n","protected":false},"excerpt":{"rendered":"","protected":false},"author":0,"featured_media":0,"parent":0,"menu_order":0,"comment_status":"closed","ping_status":"closed","template":"","meta":{"pagelayer_contact_templates":[],"_pagelayer_content":"","footnotes":""},"class_list":["post-26","page","type-page","status-publish","hentry"],"_links":{"self":[{"href":"https:\/\/webenergetika.com\/patitasegura\/wp-json\/wp\/v2\/pages\/26","targetHints":{"allow":["GET"]}}],"collection":[{"href":"https:\/\/webenergetika.com\/patitasegura\/wp-json\/wp\/v2\/pages"}],"about":[{"href":"https:\/\/webenergetika.com\/patitasegura\/wp-json\/wp\/v2\/types\/page"}],"replies":[{"embeddable":true,"href":"https:\/\/webenergetika.com\/patitasegura\/wp-json\/wp\/v2\/comments?post=26"}],"version-history":[{"count":54,"href":"https:\/\/webenergetika.com\/patitasegura\/wp-json\/wp\/v2\/pages\/26\/revisions"}],"predecessor-version":[{"id":125,"href":"https:\/\/webenergetika.com\/patitasegura\/wp-json\/wp\/v2\/pages\/26\/revisions\/125"}],"wp:attachment":[{"href":"https:\/\/webenergetika.com\/patitasegura\/wp-json\/wp\/v2\/media?parent=26"}],"curies":[{"name":"wp","href":"https:\/\/api.w.org\/{rel}","templated":true}]}}